ac66
In base 12, what is -b7a - 1a?
-b98
In base 6, what is 121303 + 1?
121304
In base 13, what is 2 - 2002a3?
-2002a1
In base 8, what is -3 + 31572?
31567
In base 6, what is -24445 + 13?
-24432
In base 15, what is 0 + 718?
718
In base 13, what is -3 + 41886?
41883
In base 9, what is 384186 - 3?
384183
In base 3, what is -10 + -20211012200?
-20211012210
In base 8, what is -1 + -21216?
-21217
In base 15, what is -a6 + -7984?
-7a3a
In base 7, what is 452 - -335?
1120
In base 9, what is -14673 + -43?
-14726
In base 10, what is 186 - 3?
183
In base 8, what is -343127 - 0?
-343127
In base 15, what is -18e0 - 83?
-1973
In base 14, what is -2331 - a?
-233b
In base 2, what is -10100111011 + 110000101?
-1110110110
In base 11, what is 18 + 1a017?
1a034
In base 10, what is -4 - -12294?
12290
In base 6, what is -12305 + 0?
-12305
In base 2, what is 11000101000011 + 1?
11000101000100
In base 4, what is -310 - 311300?
-312210
In base 13, what is 4ca4 - 97?
4c0a
In base 13, what is -4c159 + 5?
-4c154
In base 6, what is 0 - 2012423?
-2012423
In base 15, what is 13e9d5 - -5?
13e9da
In base 13, what is 792 - -12?
7a4
In base 12, what is -2 + 860?
85a
In base 14, what is -6 - -281?
279
In base 3, what is -11102 + -22120211?
-22202020
In base 7, what is -14236 + 24?
-14212
In base 13, what is -63a12 - 5?
-63a17
In base 8, what is -5 + 1055543?
1055536
In base 16, what is 0 - 95ec?
-95ec
In base 8, what is 1737 - -116?
2055
In base 7, what is -3033 + -106?
-3142
In base 2, what is 1011010011101110 + -110?
1011010011101000
In base 12, what is -244 - -1159?
b15
In base 6, what is 2 + -435?
-433
In base 7, what is 341 - -16?
360
In base 16, what is 5 + -37e5e?
-37e59
In base 2, what is -100111 - 101000010010101?
-101000010111100
In base 10, what is 11904 + -3?
11901
In base 7, what is -12116 + 240?
-11546
In base 13, what is -50 - b1c?
-b6c
In base 4, what is -11 + 11100300?
11100223
In base 9, what is 17 - 3520?
-3502
In base 5, what is -4 + -13443133?
-13443142
In base 3, what is 22000 - 21122212?
-21100212
In base 16, what is 2 - 4602a?
-46028
In base 2, what is 101 + -11011110101110111?
-11011110101110010
In base 6, what is 5 + -3253150?
-3253141
In base 10, what is -54 + -331?
-385
In base 15, what is -2333 + 7?
-232b
In base 3, what is -121020000 - 100?
-121020100
In base 13, what is -3 + -17931?
-17934
In base 5, what is 1132 + -1222?
-40
In base 5, what is -4042 + -101430?
-111022
In base 9, what is -311632 - -2?
-311630
In base 3, what is 1122201011212 + 100?
1122201012012
In base 7, what is -3 + -35201?
-35204
In base 2, what is 11111 - 100110000011010?
-100101111111011
In base 14, what is -7 + -19b86?
-19b8d
In base 16, what is -21b + 48b?
270
In base 8, what is 7603 - -44?
7647
In base 3, what is 1 - 12201200002?
-12201200001
In base 11, what is 1 + -1260?
-125a
In base 2, what is 10 - 1001100011001010101?
-1001100011001010011
In base 13, what is 172 - 1069?
-bc7
In base 16, what is -7 - 7d4?
-7db
In base 14, what is 257 + 448?
6a1
In base 16, what is -4c + -10d?
-159
In base 2, what is -1111101 + -11110001?
-101101110
In base 13, what is -1 + -11b730?
-11b731
In base 12, what is -1b3878 - 4?
-1b3880
In base 13, what is -ba - a6?
-193
In base 12, what is -3 - -16855?
16852
In base 9, what is -1604326 - -3?
-1604323
In base 9, what is 1070 - -40?
1120
In base 8, what is -122040 + -65?
-122125
In base 15, what is 166 - -212?
378
In base 4, what is -2 + 103010100?
103010032
In base 14, what is 7b - 1d96?
-1d19
In base 4, what is 2122 - 30?
2032
In base 12, what is -4 + -67275?
-67279
In base 12, what is -37 + -6a5?
-720
In base 11, what is -1215141 + 4?
-1215138
In base 11, what is 76a1 - 11?
7690
In base 7, what is 22106 - 1?
22105
In base 8, what is -4 + 2260256?
2260252
In base 5, what is 2 + -410240?
-410233
In base 16, what is bdb + -2?
bd9
In base 3, what is 100002111 - 211?
100001200
In base 9, what is -4 - -35705?
35701
In base 2, what is -10101001000 - -1011000110?
-1010000010
In base 2, what is 100 + 1110010100111110001?
1110010100111110101
In base 3, what is 111120 - 1202?
102211
In base 7, what is 24 + -456361?
-456334
In base 13, what is 20 - -205c0?
20610
In base 11, what is 26a + -156?
114
In base 15, what is 27 - -ee?
126
In base 11, what is -16a8 - a?
-1707
In base 13, what is 8 - -21067?
21072
In base 15, what is 1 - 122b9c?
-122b9b
In base 11, what is 1130 + 88?
1208
In base 3, what is -12 + -2001110120?
-2001110202
In base 2, what is 0 + 11000000011110000100?
11000000011110000100
In base 11, what is -2 - 15a26a?
-15a271
In base 6, what is 154 - 121252?
-121054
In base 12, what is -1a57 - b?
-1a66
In base 4, what is 1110122132 + 31?
1110122223
In base 4, what is -2103 + 123133?
121030
In base 14, what is -458b - -3?
-4588
In base 3, what is -12101221 + 112122?
-11212022
In base 6, what is 351315 + 1?
351320
In base 6, what is -1 + -113121?
-113122
In base 10, what is 4 + 528465?
528469
In base 9, what is -11073 - 8?
-11082
In base 3, what is -1100022 - 1200120?
-10000212
In base 2, what is -1010101 + 100100?
-110001
In base 13, what is -12 - -8435?
8423
In base 8, what is 106 + 5760?
6066
In base 7, what is 45 - 653?
-605
In base 10, what is 501 - 323?
178
In base 15, what is -564e6c + 5?
-564e67
In base 3, what is 200 + 10022201?
10100101
In base 3, what is 200010212 - 11?
200010201
In base 11, what is -10 + 129840?
129830
In base 10, what is -2 - 81587?
-81589
In base 5, what is 140431 + 200?
141131
In base 9, what is -3785 - -21?
-3764
In base 8, what is -44126 - 10?
-44136
In base 3, what is -102221220 - -20?
-102221200
In base 2, what is -1001000010 + -11011101?
-1100011111
In base 10, what is -153 - 1739?
-1892
In base 11, what is 20a + -3881?
-3672
In base 16, what is -3d9 + -12?
-3eb
In base 2, what is -111 + -10010001111100?
-10010010000011
In base 12, what is 1230 + -54?
1198
In base 5, what is 222420 + 0?
222420
In base 11, what is 3921 - -557?
4378
In base 13, what is -1196 + -c?
-11a5
In base 11, what is -69 + -126?
-194
In base 8, what is 2 + 23544?
23546
In base 11, what is -32 + -4929?
-4960
In base 6, what is -2 - 1552505?
-1552511
In base 4, what is 2022233 + -212?
2022021
In base 11, what is 36130 - 0?
36130
In base 5, what is -2220414 + 13?
-2220401
In base 14, what is -1 + 2b13?
2b12
In base 16, what is -15843 - -1?
-15842
In base 14, what is 253d - 76?
24a7
In base 9, what is 4 + -8485?
-8481
In base 8, what is -25 - 30110?
-30135
In base 11, what is -400452 - -10?
-400442
In base 14, what is 9c0 + -17?
9a7
In base 11, what is 174a - -28?
1777
In base 9, what is -70 + -1146?
-1226
In base 4, what is 13020 + 13?
13033
In base 4, what is 10 + -1022333?
-1022323
In base 13, what is -31 - c48b?
-c4bc
In base 8, what is 1 - -150207?
150210
In base 11, what is 158 + 35?
192
In base 9, what is -228 + -645?
-874
In base 16, what is -6 + 314b9?
314b3
In base 14, what is 25da45 + 3?
25da48
In base 15, what is -56b - 14e?
-6ba
In base 3, what is -212212111 - 12010?
-220001121
In base 4, what is 200102 - 33?
200003
In base 2, what is 111101111110100110 + -10?
111101111110100100
In base 7, what is -5 + -1306152?
-1306160
In base 4, what is -11000020 + 110?
-10333310
In base 5, what is 2042 - -10113?
12210
In base 13, what is -2 + 37a1?
379c
In base 5, what is 202 - -1110?
1312
In base 8, what is 2 - 1553612?
-1553610
In base 6, what is -142 + -104045?
-104231
In base 14, what is 31 + -102b?
-dda
In base 4, what is -3 + 102232111?
102232102
In base 2, what is 11110100001010101 + -100?
11110100001010001
In base 4, what is -2123032 + -103?
-2123201
In base 14, what is -3891 + -1b?
-38ac
In base 4, what is -33202212 - -301?
-33201311
In base 16, what is -301 - -a2c?
72b
In base 6, what is 204 + -40141?
-35533
In base 5, what is 311032111 - 1?
311032110
In base 14, what is 1 - -2c7c?
2c7d
In base 10, what is 14292 - -133?
14425
In base 16, what is 7ec + a2?
88e
In base 5, what is -3 - -10444112?
10444104
In base 15, what is -86 + -377a?
-3811
In base 16, what is -a + 2e6c?
2e62
In base 12, what is 3 + 72bb3?
72bb6
In base 8, what is 104370 + -6?
104362
In base 3, what is 100122 + 10212?
111111
In base 2, what is 110010111011001100 - -10?
110010111011001110
In base 12, what is -284 - -4b?
-235
In base 8, what is -4 - -40132?
40126
